713272.
658
What is the greatest common divisor of 9 and 44338851?
9
Calculate the greatest common divisor of 2469256 and 25221.
1201
Calculate the highest common divisor of 8662 and 603046.
122
What is the greatest common factor of 112 and 64375472?
112
What is the greatest common divisor of 5400 and 14161392?
216
Calculate the highest common factor of 95 and 206891.
19
What is the greatest common factor of 1924197 and 5071?
11
Calculate the greatest common factor of 4 and 137096748.
4
Calculate the greatest common divisor of 39 and 15512784.
3
Calculate the highest common divisor of 70432 and 268832.
992
What is the greatest common factor of 47909877 and 213?
213
What is the highest common divisor of 230825 and 1575?
175
What is the greatest common divisor of 55048728 and 700?
28
Calculate the greatest common divisor of 24882 and 1247268.
66
Calculate the highest common divisor of 646640 and 1233.
137
What is the highest common factor of 384238 and 16882?
46
What is the greatest common factor of 3123010 and 223390?
890
What is the highest common factor of 46043376 and 78?
6
Calculate the greatest common divisor of 10665 and 18186669.
711
What is the greatest common divisor of 30404586 and 261?
87
What is the greatest common divisor of 25905 and 283228?
1727
What is the greatest common factor of 12 and 5428398?
6
What is the highest common factor of 4120 and 63853820?
2060
What is the greatest common factor of 10480 and 463475380?
2620
What is the greatest common factor of 3 and 6684213?
3
What is the greatest common factor of 29759189 and 67?
67
What is the greatest common factor of 6066986 and 16?
2
What is the greatest common divisor of 353370114 and 972?
486
Calculate the greatest common divisor of 1826 and 84732791.
913
Calculate the highest common divisor of 6972 and 8149106.
1162
What is the highest common divisor of 1720 and 5578304?
344
Calculate the greatest common factor of 14 and 12348274.
2
What is the greatest common divisor of 1047970 and 5530?
70
What is the greatest common divisor of 3192 and 54798622?
38
What is the highest common divisor of 6471054 and 22842?
846
What is the greatest common divisor of 30418653 and 4084?
1021
What is the highest common factor of 55 and 106335625?
55
Calculate the greatest common divisor of 434 and 80042.
62
What is the greatest common divisor of 26652225 and 150?
75
Calculate the greatest common factor of 1797632 and 4608.
512
What is the highest common divisor of 16170475 and 3320?
415
Calculate the greatest common factor of 16576 and 1234016.
224
Calculate the greatest common factor of 522 and 11969692.
58
What is the highest common factor of 14784446 and 1324?
662
What is the greatest common divisor of 1789240 and 27880?
1640
Calculate the greatest common factor of 176 and 72589.
11
Calculate the highest common divisor of 415 and 392805053.
83
Calculate the highest common factor of 78065 and 228631.
13
Calculate the highest common divisor of 1588 and 154846277.
397
What is the greatest common factor of 8606585 and 65?
65
What is the greatest common factor of 1403 and 176985?
23
What is the greatest common factor of 2720 and 20362240?
160
Calculate the highest common factor of 58 and 775018.
2
What is the greatest common divisor of 27567280 and 5408?
2704
Calculate the greatest common factor of 8171352 and 774.
18
What is the highest common divisor of 63560 and 4007912?
1816
Calculate the highest common divisor of 14663 and 99244.
43
Calculate the greatest common divisor of 2209 and 99846.
1
What is the highest common divisor of 254417940 and 1260?
1260
What is the highest common divisor of 2674 and 50852795?
1337
Calculate the highest common divisor of 306 and 3039426.
18
What is the highest common divisor of 479533024 and 2368?
1184
What is the highest common divisor of 2000 and 353826000?
2000
Calculate the greatest common divisor of 103333096 and 304.
152
What is the highest common divisor of 1010 and 73429525?
505
What is the greatest common factor of 135 and 31098384?
27
Calculate the highest common divisor of 806872878 and 6482.
6482
What is the greatest common factor of 1620 and 3614301?
81
What is the greatest common factor of 48544 and 102992?
656
What is the greatest common factor of 16092162 and 108?
54
Calculate the highest common divisor of 102425 and 13575.
25
What is the greatest common factor of 2875 and 10510655?
115
Calculate the highest common divisor of 35475 and 299145.
165
What is the highest common divisor of 265678 and 2842?
98
What is the greatest common factor of 360726488 and 8?
8
What is the greatest common divisor of 159117354 and 2178?
198
What is the highest common factor of 4176 and 15984162?
522
Calculate the greatest common factor of 1248474196 and 718.
718
Calculate the greatest common divisor of 284858532 and 1624.
812
Calculate the highest common factor of 1143 and 316737.
9
Calculate the greatest common factor of 98973 and 763.
7
Calculate the highest common divisor of 1104848 and 3003632.
5552
What is the highest common factor of 103921 and 323?
17
Calculate the highest common factor of 1450840 and 39330.
4370
Calculate the highest common factor of 1744 and 429604316.
436
What is the greatest common divisor of 2862933 and 568?
71
Calculate the highest common factor of 342583 and 23878961.
9259
Calculate the highest common factor of 107 and 772757959.
107
Calculate the highest common divisor of 1798 and 3471535.
31
Calculate the highest common factor of 2088797808 and 36.
12
Calculate the greatest common factor of 348 and 1696269972.
348
Calculate the greatest common factor of 10166527 and 22015.
4403
Calculate the greatest common divisor of 42075 and 25737525.
2475
Calculate the greatest common divisor of 2611 and 271332509.
2611
Calculate the greatest common divisor of 2120665 and 137015.
2045
Calculate the highest common factor of 930 and 1125215835.
465
What is the highest common factor of 4041 and 847593?
9
Calculate the greatest common divisor of 3624 and 1686066.
906
What is the highest common factor of 5276826 and 783?
27
What is the highest common divisor of 3856748 and 324352?
5068
Calculate the highest common divisor of 378 and 11953746.
126
Calculate the highest common divisor of 2060 and 6724940.
20
What is the highest common divisor of 255432 and 160428?
348
What is the highest common factor of 9930327 and 29832?
3729
What is the greatest common factor of 30001528 and 251?
251
Calculate the highest common factor of 60 and 207274220.
20
Calculate the greatest common factor of 85469616 and 432.
144
What is the greatest common factor of 626475 and 3625?
25
What is the greatest common divisor of 1233724 and 391?
17
What is the greatest common factor of 9526 and 811250?
22
What is the highest common factor of 6314 and 44054582?
902
What is the highest common factor of 552 and 6378636?
276
Calculate the greatest common factor of 630 and 73439010.
90
Calculate the highest common factor of 10203 and 46508675.
3401
Calculate the highest common divisor of 937 and 1141166678.
937
What is the highest common factor of 10542 and 155118?
1506
Calculate the highest common divisor of 14569137 and 5148.
99
Calculate the highest common factor of 3975936 and 1440.
96
Calculate the greatest common divisor of 150264 and 719736.
24
What is the greatest common factor of 7989 and 6987?
3
Calculate the greatest common factor of 91656663 and 742.
371
Calculate the highest common factor of 3887 and 251597.
23
Calculate the highest common factor of 123468745 and 1805.
95
What is the highest common factor of 6055411 and 531361?
5261
What is the greatest common factor of 317628 and 12609?
27
What is the greatest common factor of 201094308 and 1647?
549
Calculate the highest common factor of 38178 and 3598.
14
Calculate the highest common factor of 1895 and 7000130.
1895
Calculate the highest common factor of 2436 and 470380.
116
What is the greatest common divisor of 212 and 17601?
1
What is the greatest common divisor of 1535345 and 2905?
35
What is the highest common divisor of 3844225 and 551705?
385
Calculate the greatest common factor of 24065452 and 2208.
92
What is the greatest common factor of 1462256 and 15104?
944
What is the highest common divisor of 1